= 104 + -11. Suppose 3*u - 195 = 3*w, -2*u - w = -i - 52. What is the greatest common factor of 175 and u?
35
Let a(i) = i**2 - 2*i + 1. Let b be a(3). Let t be (-1557)/b - (-12)/(-16). Let l = t - -610. Calculate the greatest common factor of 20 and l.
20
Let h(y) = y - 18. Let u be h(13). Let z = u + 125. What is the greatest common factor of z and 24?
24
Let m = -226 + 304. Calculate the greatest common divisor of m and 6.
6
Suppose -i + 4*h + 19 = 0, -i = 4*i + 4*h + 1. Suppose -i*r + 3*l = -12, -3*l = -0*r + 4*r - 9. Calculate the highest common factor of 15 and r.
3
Let q be -2 + 0 + 13 + -151 + 149. Calculate the greatest common factor of 1818 and q.
9
Let q be (-28)/10*(-330)/33. Calculate the highest common divisor of q and 8.
4
Suppose 0 = 5*o - 0*o + 4*q - 2, 0 = -q + 3. Let m be ((-6)/5)/((-1)/(-5)). Let s be o/3*m/4. What is the highest common factor of s and 1?
1
Let k be (266/3)/((-78)/(-117)). What is the highest common factor of k and 1463?
133
Let r(k) be the third derivative of k**4/6 + 7*k**3/2 + 6*k**2. Let c be r(-6). Let a = c + 12. What is the greatest common factor of 3 and a?
3
Let t be 2 + -2 - -1 - -2. Suppose -t*k = 2*x - 48, -5*k + 0*k - x = -73. Let b be 24/9 + (-10)/15. What is the highest common divisor of k and b?
2
Let a be -1 - 2540/(-6 + 1). Calculate the greatest common factor of a and 117.
39
Let l = 16 + 39. Suppose 1 = 2*n + 9. Let o = 18 - n. Calculate the highest common factor of l and o.
11
Let c = -3 - -11. Let t be (18/(-15))/((-2)/(-10)). Let f(g) = 2*g**3 + 14*g**2 + 10*g. Let k be f(t). What is the greatest common factor of c and k?
4
Suppose -24816 = -98*v + 4*v. Calculate the greatest common factor of v and 96.
24
Let d = 27 + -48. Let l = 22 + d. Suppose 0 = -5*s + 5 - 0. What is the highest common divisor of l and s?
1
Let x(w) = 493*w - 3. Let s be x(1). Calculate the greatest common factor of s and 10.
10
Let x be 7 - (0 - (-6 - -3)). Suppose -2 = -z + 2*k, 0*k - 4 = -x*k. Calculate the highest common factor of z and 4.
4
Suppose 2*r - 3*r = 4*b - 137, 0 = -r + b + 157. What is the highest common factor of r and 34?
17
Let o(w) = -5 - 6 + 2 + 14*w - 3*w. Let q be o(1). What is the highest common factor of q and 18?
2
Let v(s) = s**2 + 4*s - 125. Let n be v(10). Let p be (1/3)/(1/15). What is the greatest common factor of n and p?
5
Let c = 66 + -10. Let o(z) = -z**2 - 26*z - 145. Let x be o(-17). Calculate the greatest common divisor of x and c.
8
Let f be 19182/14 + (-7)/196*4. What is the highest common factor of f and 10?
10
Suppose -9*h - 11781 = -42*h. Calculate the highest common divisor of 42 and h.
21
Let z(m) = 10*m + 9*m - 18*m + m**2 - 5*m**3. Let f be z(-2). Let b = -7 - -13. Calculate the highest common factor of f and b.
6
Let o = -33 - -29. Let w be (-1)/(-1) - (1 + 30). Let k be (w/o)/((-4)/(-24)). What is the greatest common factor of k and 15?
15
Suppose -2*q - q = 4*f - 34, -5*q + 5*f = -45. What is the greatest common factor of q and 200?
10
Let d(r) = -40*r**2 - 207*r - 8. Let p be d(-5). Calculate the highest common divisor of p and 2889.
27
Suppose 0 = 3*a - a - 10. Calculate the greatest common factor of 65 and a.
5
Let a be (-500)/18 + (-4)/18. Let i = a + 31. Calculate the highest common factor of i and 30.
3
Suppose -200 = -36*k + 31*k. Calculate the greatest common factor of k and 300.
20
Let w = 228 - 108. Suppose -6*s + s = -w. Calculate the highest common factor of 3 and s.
3
Let c be (13 - -2 - 5)*1/2. Suppose -c*m - 21 + 231 = 0. What is the greatest common factor of m and 105?
21
Suppose 210 = c + 9*c. Calculate the greatest common divisor of 3 and c.
3
Suppose -2*m + 3*u - 1056 = -0*u, -2*u - 1584 = 3*m. Let p be (m/(-60))/(4/10). What is the highest common divisor of 242 and p?
22
Suppose -y + 49 + 15 = 2*h, 4*h - 126 = -3*y. Let s be (4 - (-10)/2) + 1. Suppose -22 = 8*c - s*c. What is the highest common factor of c and h?
11
Suppose 63 = 3*i - 36. Suppose -70 = -5*b - 0*w + 2*w, 3*w - i = -4*b. What is the highest common factor of b and 108?
12
Suppose -211 = -i - 27. Let t(o) = -2*o**3 - 15*o**2 + 32*o + 68. Let g be t(-9). Calculate the highest common factor of i and g.
23
Let y be (-2)/(-4) + 9/(-18) - -5. Calculate the highest common divisor of 65 and y.
5
Let w = -62 + 64. Suppose -v + 137 = 4*g, -2*v + 45 = w*g - 25. What is the greatest common divisor of 85 and g?
17
Suppose 2*a + 25 = 11. Let s be 3/(a/(42/(-9))). What is the highest common divisor of 2 and s?
2
Let z = -10 + 15. Let q(s) = s**2 - 2*s - 8. Let a be q(4). Suppose a = -z*k - 6 + 1, 0 = -h - 3*k + 30. What is the highest common divisor of 22 and h?
11
Let a be 7 - -7 - (5 - 1). Let y = -21 + 91. What is the highest common factor of a and y?
10
Suppose 0 = -b + 3*c - 7*c + 21, 3*c = 2*b + 2. Suppose -99 = -b*r - 9. Let j be ((-6)/15)/(2/(-30)). Calculate the highest common divisor of j and r.
6
Let t(y) = -y + 15. Let o be t(8). Let z = 161 - 160. What is the greatest common factor of z and o?
1
Suppose -v - 4*v + 75 = 0. Let n = -17 + -100. Let i = n - -192. Calculate the highest common divisor of i and v.
15
Let c be (-5 + 8/2)*-1*5. What is the greatest common factor of 15 and c?
5
Suppose -j = 4*a - 36, -5*a + 72 = 2*j - 0*a. Let c = 1379 - 1370. What is the highest common factor of j and c?
9
Suppose -5*h + 53 + 77 = 5*q, -58 = -2*h - 5*q. Let f = -1831 + 1867. What is the greatest common factor of h and f?
12
Suppose 0 = -3*h + 2*h. Let q = -159 - -168. Suppose 2*s + 5*l + q = 6*s, h = -s + 2*l. Calculate the greatest common divisor of s and 18.
6
Suppose -18*p + 7740 = -6*p. What is the highest common divisor of p and 15?
15
Suppose -14*n - 1080 = -20*n. What is the highest common divisor of 72 and n?
36
Suppose 0 = z + 4, -z + 2 = 2*g - 2. Suppose -9 = -g*s + s. Calculate the highest common factor of 12 and s.
3
Let w(s) = s - 3. Let p be w(3). Suppose 2*b + b + 75 = p. Let i = -4 - b. What is the highest common factor of i and 168?
21
Let s = -3 - -15. Suppose 10*h - 279 = 81. What is the highest common divisor of s and h?
12
Let y = -19 + 48. Let z = -14 + y. Let j be 21/(-28) - (-183)/4. What is the highest common divisor of j and z?
15
Suppose -4*n - 90 = -14*n. Let s be 681/n - (-12)/(-18). Calculate the greatest common divisor of s and 15.
15
Let n(r) = -r**2 - 56*r - 423. Let h be n(-12). Calculate the greatest common divisor of 120 and h.
15
Suppose -2*r - 15 = -z, -5*z - 5*r = -6*r - 120. Calculate the greatest common divisor of z and 125.
25
Suppose -5*q - 5*q = -420. Calculate the greatest common factor of q and 14.
14
Let m(q) = 41*q**3 - 1. Let g be m(1). What is the greatest common divisor of g and 80?
40
Let b = 51 + -52. Let d be 2790/12 + b/2. What is the greatest common divisor of d and 29?
29
Suppose -18*b + 24*b = 228. Let k = 50 - b. What is the highest common divisor of 24 and k?
12
Let v(n) = 2*n**2 + 6*n**2 + n + 0*n**2 - 4*n**2 - 14. Let h be v(6). What is the greatest common divisor of h and 34?
34
Let q(i) = -6*i**3 - 6*i**2 - 7*i - 25. Let c be q(-4). What is the highest common divisor of c and 3?
3
Let h be (36/16)/(5/20). Let u = -2 + 11. Calculate the greatest common divisor of h and u.
9
Let y = 477 + -407. Calculate the highest common factor of y and 315.
35
Let h = 767 - 727. What is the greatest common factor of 620 and h?
20
Let k be (3*(10 + -6) + 1)*10. Calculate the highest common divisor of 416 and k.
26
Suppose 5*u + 4*o = -35, -u - o + 0*o = 8. Let c be (-1 - -1) + u - (-14 + -77). Calculate the greatest common factor of 11 and c.
11
Suppose -4*f + 17 - 13 = 0. Let t be (-1 - f)/(5/(-4) + 1). Let s(w) = 3*w**2 - 5*w - 2. Let d be s(5). Calculate the greatest common factor of t and d.
8
Let s = 29 + -28. Let m be (-545)/(3 + -8) + s. What is the greatest common divisor of 22 and m?
22
Let r(m) = 3*m**2 + 35. Let d be r(0). Let x = 63 - d. Calculate the greatest common divisor of x and 28.
28
Suppose 2*m - 4*j - 695 = -m, 2*j = -10. What is the highest common factor of 30 and m?
15
Let p be -1 + (1 - 4 - -6) - -2. Suppose p*a = -4*k + 60, -3*a + 7*a + 76 = 4*k. What is the greatest common divisor of 153 and k?
17
Let q(y) = -y**2 + 5*y - 4. Let u = 8 + -4. Let a be q(u). Suppose -5*i + 3 + 57 = a. What is the greatest common divis